{"id":4501,"date":"2024-02-06T15:45:18","date_gmt":"2024-02-06T15:45:18","guid":{"rendered":"https:\/\/gmbfconsulting.com\/?page_id=4501"},"modified":"2024-04-10T15:14:53","modified_gmt":"2024-04-10T14:14:53","slug":"thermography","status":"publish","type":"page","link":"https:\/\/www.gecovisual.com\/index.php\/thermography\/","title":{"rendered":"Thermographie"},"content":{"rendered":"<p><section data-bb-version=\"4.8.0\" id=\"bt_bb_section69ee0c1d1c779\" class=\"bt_bb_section bt_bb_color_scheme_1 bt_bb_layout_boxed_1200 bt_bb_vertical_align_top bt_bb_background_overlay_dark_solid bt_bb_top_spacing_extra_large bt_bb_bottom_spacing_large\" style=\"; --section-primary-color:#ffffff; --section-secondary-color:#262626;\" data-bt-override-class=\"{&quot;bt_bb_top_spacing_&quot;:{&quot;current_class&quot;:&quot;bt_bb_top_spacing_extra_large&quot;,&quot;def&quot;:&quot;extra_large&quot;},&quot;bt_bb_bottom_spacing_&quot;:{&quot;current_class&quot;:&quot;bt_bb_bottom_spacing_large&quot;,&quot;def&quot;:&quot;large&quot;}}\"><div class=\"bt_bb_background_image_holder_wrapper\"><div class=\"bt_bb_background_image_holder btLazyLoadBackground bt_bb_parallax\"  data-background_image_src=\"https:\/\/www.gecovisual.com\/wp-content\/uploads\/2024\/02\/Thermographie.jpg\" data-parallax=\"0.6\" data-parallax-offset=\"0\" data-parallax-zoom-start=\"1\" data-parallax-zoom-end=\"1\" data-parallax-blur-start=\"0\" data-parallax-blur-end=\"0\" data-parallax-opacity-start=\"1\" data-parallax-opacity-end=\"1\" style=\" background-image: url(&#039;https:\/\/www.gecovisual.com\/wp-content\/plugins\/bold-page-builder\/img\/blank.gif&#039;);\"><\/div><\/div><div class=\"bt_bb_port\"><div class=\"bt_bb_cell\"><div class=\"bt_bb_cell_inner\"><div class=\"bt_bb_row \"  data-bt-override-class=\"{}\"><div class=\"bt_bb_row_holder\" ><div  class=\"bt_bb_column col-xl-12 col-xs-12 col-sm-12 col-md-12 col-lg-12 bt_bb_align_left bt_bb_vertical_align_bottom bt_bb_padding_normal\"  data-width=\"12\" data-bt-override-class=\"{}\"><div class=\"bt_bb_column_content\"><div data-bb-version=\"4.8.0\" class=\"bt_bb_separator bt_bb_border_style_none bt_bb_top_spacing_small bt_bb_bottom_spacing_small\" data-bt-override-class=\"{&quot;bt_bb_top_spacing_&quot;:{&quot;current_class&quot;:&quot;bt_bb_top_spacing_small&quot;,&quot;def&quot;:&quot;small&quot;},&quot;bt_bb_bottom_spacing_&quot;:{&quot;current_class&quot;:&quot;bt_bb_bottom_spacing_small&quot;,&quot;def&quot;:&quot;small&quot;}}\"><\/div><header data-bb-version=\"4.8.0\" class=\"bt_bb_headline bt_bb_subheadline_text_transform_default bt_bb_dash_none bt_bb_size_extralarge bt_bb_align_inherit\" data-bt-override-class=\"{&quot;bt_bb_size_&quot;:{&quot;current_class&quot;:&quot;bt_bb_size_extralarge&quot;,&quot;def&quot;:&quot;extralarge&quot;},&quot;bt_bb_align_&quot;:{&quot;current_class&quot;:&quot;bt_bb_align_inherit&quot;,&quot;def&quot;:&quot;inherit&quot;}}\"><h1 class=\"bt_bb_headline_tag\"><span class=\"bt_bb_headline_content\"><span>Thermographie par drone<\/span><\/span><\/h1><\/header><div data-bb-version=\"4.8.0\" class=\"bt_bb_separator bt_bb_border_style_none bt_bb_top_spacing_small bt_bb_bottom_spacing_small\" data-bt-override-class=\"{&quot;bt_bb_top_spacing_&quot;:{&quot;current_class&quot;:&quot;bt_bb_top_spacing_small&quot;,&quot;def&quot;:&quot;small&quot;},&quot;bt_bb_bottom_spacing_&quot;:{&quot;current_class&quot;:&quot;bt_bb_bottom_spacing_small&quot;,&quot;def&quot;:&quot;small&quot;}}\"><\/div><div data-bb-version=\"4.8.8\" class=\"bt_bb_button bt_bb_color_scheme_14 bt_bb_icon_position_left bt_bb_style_outline bt_bb_size_large bt_bb_width_inline bt_bb_shape_square bt_bb_target_blank bt_bb_text_transform_inherit bt_bb_align_center bt_bb_animation_zoom_in animate\" style=\"; --primary-color:#fff; --secondary-color:#000;\" data-bt-override-class=\"{&quot;bt_bb_size_&quot;:{&quot;current_class&quot;:&quot;bt_bb_size_large&quot;,&quot;def&quot;:&quot;large&quot;},&quot;bt_bb_align_&quot;:{&quot;current_class&quot;:&quot;bt_bb_align_center&quot;,&quot;def&quot;:&quot;center&quot;}}\"><a href=\"https:\/\/www.gecovisual.com\/index.php\/contact\/\" target=\"_blank\" class=\"bt_bb_link\" title=\"Demandez votre devis gratuit\"><span class=\"bt_bb_button_text\" >Demandez votre devis gratuit<\/span><\/a><\/div><\/div><\/div><\/div><\/div><\/div><!-- cell_inner --><\/div><!-- cell --><\/div><!-- port --><\/section><section data-bb-version=\"4.8.0\" id=\"bt_bb_section69ee0c1d1ca75\" class=\"bt_bb_section bt_bb_layout_boxed_1200\"  data-bt-override-class=\"null\"><div class=\"bt_bb_port\"><div class=\"bt_bb_cell\"><div class=\"bt_bb_cell_inner\"><div class=\"bt_bb_row \"  data-bt-override-class=\"{}\"><div class=\"bt_bb_row_holder\" ><div  class=\"bt_bb_column col-xl-12 col-xs-12 col-sm-12 col-md-12 col-lg-12 bt_bb_align_left bt_bb_vertical_align_top bt_bb_padding_normal\"  data-width=\"12\" data-bt-override-class=\"{}\"><div class=\"bt_bb_column_content\"><div class=\"bt_bb_separator bt_bb_border_style_none bt_bb_bottom_spacing_normal\" data-bt-override-class=\"null\"><\/div><div data-bb-version=\"4.8.0\"  class=\"bt_bb_text\" ><\/p>\n<p>La thermographie par drone, \u00e9galement appel\u00e9e imagerie thermique par drone, est une technique qui utilise des cam\u00e9ras infrarouges mont\u00e9es sur des drones pour mesurer et enregistrer la distribution de la chaleur d&#8217;une surface. Cette m\u00e9thode permet de visualiser les variations de temp\u00e9rature dans une zone sp\u00e9cifique, ce qui peut \u00eatre utile dans divers domaines d&#8217;application.<\/p>\n<p>Voici comment fonctionne g\u00e9n\u00e9ralement la thermographie par drone :<\/p>\n<ol>\n<li><strong>Acquisition des donn\u00e9es thermiques :<\/strong> Un drone \u00e9quip\u00e9 d&#8217;une cam\u00e9ra infrarouge capture des images thermiques de la surface cible. Ces cam\u00e9ras mesurent les rayonnements infrarouges \u00e9mis par les objets en fonction de leur temp\u00e9rature.<\/li>\n<li><strong>Traitement des donn\u00e9es :<\/strong> Les images thermiques sont trait\u00e9es \u00e0 l&#8217;aide de logiciels sp\u00e9cialis\u00e9s qui convertissent les donn\u00e9es thermiques en une repr\u00e9sentation visuelle, g\u00e9n\u00e9ralement sous la forme d&#8217;une image o\u00f9 les diff\u00e9rentes couleurs repr\u00e9sentent diff\u00e9rentes temp\u00e9ratures.<\/li>\n<li><strong>Analyse des r\u00e9sultats :<\/strong> Les professionnels peuvent analyser les r\u00e9sultats pour identifier des variations de temp\u00e9rature significatives. Cela peut \u00eatre utile dans divers domaines tels que l&#8217;inspection des b\u00e2timents, la surveillance des installations industrielles, la d\u00e9tection de fuites d&#8217;\u00e9nergie, la gestion agricole, la recherche et le sauvetage, et m\u00eame dans des applications m\u00e9dicales.<\/li>\n<\/ol>\n<p>Quelques applications courantes de la thermographie par drone incluent :<\/p>\n<ul>\n<li><strong>Inspection des b\u00e2timents :<\/strong> D\u00e9tection de fuites, d&#8217;isolations d\u00e9fectueuses, de points chauds ou froids, etc.<\/li>\n<li><strong>Surveillance des installations industrielles :<\/strong> D\u00e9tection de surchauffe dans les \u00e9quipements, surveillance des pipelines, etc.<\/li>\n<li><strong>Inspection des installations de panneaux solaires :<\/strong> D\u00e9tection de cellules d\u00e9fectueuses sur panneaux solaire, d\u00e9tection de surchauffe au niveau de la connectique, etc.<\/li>\n<li><strong>Recherche et sauvetage :<\/strong> Localisation de personnes ou d&#8217;animaux en fonction de leur signature thermique.<\/li>\n<\/ul>\n<p>La thermographie par drone offre l&#8217;avantage de fournir des donn\u00e9es thermiques sur des zones \u00e9tendues de mani\u00e8re rapide et efficace, permettant une analyse approfondie et une prise de d\u00e9cision \u00e9clair\u00e9e dans divers domaines.<\/p>\n<p>\n<\/div><div class=\"bt_bb_separator bt_bb_border_style_none bt_bb_bottom_spacing_normal\" data-bt-override-class=\"null\"><\/div><div class=\"bt_bb_separator bt_bb_border_style_none bt_bb_bottom_spacing_normal\" data-bt-override-class=\"null\"><\/div><\/div><\/div><\/div><\/div><\/div><!-- cell_inner --><\/div><!-- cell --><\/div><!-- port --><\/section><\/p>\n","protected":false},"excerpt":{"rendered":"","protected":false},"author":1,"featured_media":0,"parent":0,"menu_order":0,"comment_status":"closed","ping_status":"closed","template":"","meta":{"_monsterinsights_skip_tracking":false,"_monsterinsights_sitenote_active":false,"_monsterinsights_sitenote_note":"","_monsterinsights_sitenote_category":0,"footnotes":""},"class_list":["post-4501","page","type-page","status-publish","hentry"],"aioseo_notices":[],"featured_media_urls":[],"_links":{"self":[{"href":"https:\/\/www.gecovisual.com\/index.php\/wp-json\/wp\/v2\/pages\/4501","targetHints":{"allow":["GET"]}}],"collection":[{"href":"https:\/\/www.gecovisual.com\/index.php\/wp-json\/wp\/v2\/pages"}],"about":[{"href":"https:\/\/www.gecovisual.com\/index.php\/wp-json\/wp\/v2\/types\/page"}],"author":[{"embeddable":true,"href":"https:\/\/www.gecovisual.com\/index.php\/wp-json\/wp\/v2\/users\/1"}],"replies":[{"embeddable":true,"href":"https:\/\/www.gecovisual.com\/index.php\/wp-json\/wp\/v2\/comments?post=4501"}],"version-history":[{"count":10,"href":"https:\/\/www.gecovisual.com\/index.php\/wp-json\/wp\/v2\/pages\/4501\/revisions"}],"predecessor-version":[{"id":5348,"href":"https:\/\/www.gecovisual.com\/index.php\/wp-json\/wp\/v2\/pages\/4501\/revisions\/5348"}],"wp:attachment":[{"href":"https:\/\/www.gecovisual.com\/index.php\/wp-json\/wp\/v2\/media?parent=4501"}],"curies":[{"name":"wp","href":"https:\/\/api.w.org\/{rel}","templated":true}]}}